5*w + 5. Determine g(1).
-28
Let y(t) = -t**2 + 7. What is y(3)?
-2
Let j(f) = f**2 + 9*f + 1. Give j(-8).
-7
Let z(s) = 10*s - 95. Give z(10).
5
Let m(t) = -t**3 + 9*t**2 - 5*t - 23. Give m(8).
1
Let u(z) = 6*z - 2. Determine u(-11).
-68
Let d(h) = h**3 + 17*h**2 + 12*h - 66. Give d(-16).
-2
Let q(w) = 2*w**2 + 11*w + 31. Give q(-5).
26
Let a(t) = -43*t - 570. Determine a(-13).
-11
Let c(m) = 4*m**2 - 11. Determine c(-2).
5
Let c(n) = n - 10. What is c(14)?
4
Let s(f) = f - 33. Calculate s(17).
-16
Let o(a) = a**3 + 17*a**2 - 2*a - 28. What is o(-17)?
6
Let a(p) = 3*p - 85. Give a(28).
-1
Let i(d) = d**3 + 3*d**2 - d + 4. What is i(-4)?
-8
Let m(g) = g**3 + 6*g**2 + 6*g + 2. Calculate m(-5).
-3
Let z(h) = h + 19. What is z(-18)?
1
Let l(r) = r**3 + 19*r**2 + r + 23. Give l(-19).
4
Let f(n) = 2*n**3 - 20*n**2 - 20*n - 21. Calculate f(11).
1
Let p(o) = 2*o + 73. Determine p(0).
73
Let j(x) = -x**3 - 9*x**2 - 7*x + 6. Determine j(-8).
-2
Let s(x) = 8*x**2 + 1. Determine s(1).
9
Let o(s) = s**2 - 7*s + 3. Determine o(4).
-9
Let b(n) = -18*n + 287. Calculate b(16).
-1
Let s(o) = -2*o + 7. Give s(-1).
9
Let l(h) = 9*h - 58. Determine l(3).
-31
Let s(m) = m**2 - 3*m. Give s(3).
0
Let p(o) = o**2 - 7*o + 14. Determine p(6).
8
Let t(d) = d**2 + 3*d + 4. Give t(-6).
22
Let r(c) = -39*c**2 - c - 1. Determine r(-1).
-39
Let g(n) = -n**2 - 4*n + 9. Determine g(-6).
-3
Let q(c) = 14*c - 74. What is q(7)?
24
Let u(q) = -2*q**2 - 6*q + 104. What is u(-9)?
-4
Let d(s) = s**3 + 8*s**2 + 11*s + 1. Give d(-6).
7
Let q(p) = 79*p**2 - 2*p - 2. What is q(-1)?
79
Let m(t) = -t**2 - 18*t - 42. Calculate m(-17).
-25
Let w(u) = 4*u**2 + 19*u + 8. Determine w(-4).
-4
Let v(o) = -o**3 - 20*o**2 - 33*o - 15. Calculate v(-18).
-69
Let y(q) = -q**3 + 6*q**2 - 4*q - 2. What is y(5)?
3
Let c(l) = 9*l - 2. Determine c(1).
7
Let k(b) = -b**2 + 8*b + 3. Calculate k(7).
10
Let g(v) = v**2 + 3*v - 2. Calculate g(2).
8
Let s(k) = 2*k - 32. Calculate s(14).
-4
Let r(i) = -i**2 + 51*i - 221. Calculate r(5).
9
Let j(l) = 62*l + 11. Give j(1).
73
Let c(n) = -n**3 - 3*n**2 + n + 2. Determine c(-4).
14
Let x(p) = p**3 - 4*p**2 - 5*p + 4. What is x(3)?
-20
Let l(h) = h**3 - 8*h**2 - 7*h - 19. What is l(9)?
-1
Let z(a) = 15*a + 166. Determine z(-11).
1
Let x(j) = 3*j + 12. What is x(-8)?
-12
Let n(m) = -18*m**3 - m**2 + 2*m - 2. Determine n(1).
-19
Let g(n) = 2*n**3 - 5*n**2 + 6*n - 1. Give g(2).
7
Let x(y) = -11*y - 11. What is x(-2)?
11
Let a(w) = w - 2. Give a(4).
2
Let f(a) = -2*a**3 - 22*a**2 - 7*a - 13. What is f(-11)?
64
Let r(o) = o**3 - 8*o**2 - 8*o - 30. Give r(9).
-21
Let u(l) = -4*l - 2. What is u(4)?
-18
Let w(k) = 15*k - 227. Calculate w(16).
13
Let a(c) = -3*c - 4. Give a(-5).
11
Let b(n) = -n**3 + 2*n**2 + 5*n - 7. Determine b(4).
-19
Let h(f) = -f**3 - 7*f**2 - 5*f + 4. What is h(-6)?
-2
Let i(v) = v**2 + 7*v - 6. Determine i(-7).
-6
Let s(d) = d**2 + 21*d + 9. Calculate s(-20).
-11
Let j(q) = -2*q**3 + q**2 + 2*q - 38. Give j(0).
-38
Let t(x) = x**2 - 4*x - 26. Calculate t(6).
-14
Let m(d) = -8*d + 66. Determine m(13).
-38
Let g(c) = 3*c**3 + 8*c**2 + 7*c + 24. Determine g(-3).
-6
Let f(z) = z - 18. Give f(-15).
-33
Let n(g) = -g**3 - 2*g**2 + g + 1. What is n(0)?
1
Let r(p) = 21*p + 1164. Give r(-55).
9
Let u(x) = -102*x + 5. Determine u(1).
-97
Let p(a) = a**2 + 29*a + 187. Determine p(-15).
-23
Let g(w) = -3*w**2 + 25*w - 13. Calculate g(8).
-5
Let d(l) = 19*l**2 - 90*l - 5. Determine d(5).
20
Let n(g) = -g**3 + 23*g**2 - 71*g - 89. Give n(19).
6
Let o(n) = -n**2 - 5*n + 19. Determine o(8).
-85
Let y(m) = -9*m - 101. Determine y(-9).
-20
Let x(y) = -3*y**2 - 60*y - 13. Determine x(-19).
44
Let m(o) = o**2 - o - 7. Determine m(3).
-1
Let c(a) = -3*a + 10. Give c(7).
-11
Let j(v) = v - 1. Determine j(3).
2
Let p(o) = -2*o - 40. Give p(-10).
-20
Let k(f) = -f**3 + 22*f**2 + 19*f + 72. Calculate k(23).
-20
Let i(p) = -2*p**2 + 12*p + 21. Determine i(9).
-33
Let n(b) = b**2 + 11*b - 4. Calculate n(-11).
-4
Let p(g) = -4*g + 42. Calculate p(12).
-6
Let v(n) = -3*n**3 - 3*n**2 + 2*n. What is v(2)?
-32
Let p(m) = m**3 + 8*m**2 - 8. What is p(-8)?
-8
Let k(b) = b**2 - 9*b - 21. Give k(12).
15
Let x(d) = 7*d - 18. Determine x(4).
10
Let q(t) = -21*t - 311. Determine q(-15).
4
Let f(t) = -t**3 - 12*t**2 + 10*t - 5. Calculate f(-13).
34
Let n(w) = 2*w**2 - 8*w + 10. Give n(12).
202
Let k(y) = y**3 + 11*y**2 + 10*y + 8. Calculate k(-10).
8
Let q(p) = -2*p + 25. What is q(16)?
-7
Let r(m) = m**3 + 7*m**2 - m - 2. Determine r(-7).
5
Let w(q) = -q**2 - 10*q - 12. Determine w(-8).
4
Let c(a) = -4*a. Determine c(3).
-12
Let q(z) = -z**3 + 4*z**2 + 4*z + 16. Determine q(6).
-32
Let t(m) = 2*m**2 - 7*m + 9. Determine t(5).
24
Let s(z) = -31*z**2 - z - 2. Give s(2).
-128
Let c(s) = s**2 - 16*s - 1. Give c(15).
-16
Let f(p) = -p**3 - 7*p**2 - 5*p - 2. Calculate f(-7).
33
Let f(o) = -6*o**2 - 192*o - 10. Give f(-32).
-10
Let m(v) = -v**2 - v - 30. Determine m(0).
-30
Let l(m) = m**2 - 12*m + 7. Give l(8).
-25
Let v(r) = 3*r - 21. Determine v(14).
21
Let p(z) = z**2 - 4*z - 61. Give p(10).
-1
Let i(j) = 145*j + 568. What is i(-4)?
-12
Let f(n) = -3*n - 15. Calculate f(-6).
3
Let z(h) = 2*h - 5. Calculate z(-10).
-25
Let w(o) = 4*o + 5. Determine w(4).
21
Let x(f) = f**3 + 10*f**2 - 15*f + 12. Give x(-11).
56
Let a(p) = -8*p - 147. Calculate a(-19).
5
Let i(w) = -2*w + 14. Determine i(0).
14
Let n(z) = z**2 + 6*z - 1. Give n(9).
134
Let r(o) = 6*o + 17. What is r(-8)?
-31
Let l(z) = z**2 - 19. Calculate l(-5).
6
Let y(o) = o**3 + 12*o**2 - 15*o - 10. Determine y(-13).
16
Let a(j) = -5*j + 2. What is a(3)?
-13
Let p(z) = z**2 + 10*z - 1. Give p(-7).
-22
Let z(s) = s**2 + 20*s + 39. Give z(-19).
20
Let t(z) = -61*z - 484. Calculate t(-8).
4
Let d(r) = -22*r + 9. Calculate d(3).
-57
Let i(q) = 2*q**2 - q - 50. What is i(-5)?
5
Let m(f) = f**3 + 9*f**2 + 4*f - 49. What is m(-4)?
15
Let q(l) = l**2 + 20*l - 8. Give q(-20).
-8
Let f(s) = -s**2 + 20*s - 104. Give f(9).
-5
Let a(t) = t + 2. Determine a(7).
9
Let a(r) = -2*r**3 - 2*r**2 - 3*r - 4. What is a(-2)?
10
Let i(b) = -b**3 + 6*b**2 + 8*b - 5. Give i(7).
2
Let w(v) = -2*v**2 + 4*v - 1. Give w(3).
-7
Let q(s) = -s**2 + 10*s - 9. Give q(9).
0
Let s(p) = p**3 - 2*p**2 - 9*p + 14. Calculate s(-5).
-116
Let b(y) = -y**2 + 2*y + 1. Calculate b(5).
-14
Let u(s) = -21*s - 37. Calculate u(-2).
5
Let q(g) = -g**3 + 4*g**2 - 2*g + 3. What is q(2)?
7
Let c(q) = q - 2. Give c(-5).
-7
Let w(r) = -r**3 - 6*r**2 - 4*r - 3. Give w(-4).
-19
Let s(k) = -2*k - 22. Give s(-19).
16
Let s(k) = 2*k**2 + 3*k + 6. Calculate s(-5).
41
Let s(v) = -13*v + 55. Give s(4).
3
Let u(x) = x**3 + 22*x**2 + 5*x + 14. Determine u(-22).
-96
Let o(w) = 9*w - 47. Give o(4).
-11
Let d(h) = h**2 - 39*h + 206. Determine d(6).
8
Let i(q) = -7*q**2 - 39*q + 23. Determine i(-7).
-47
Let z(l) = -7*l + 6. Determine z(2).
-8
Let k(j) = j**2 + 24*j + 16. Calculate k(-11).
-127
Let l(y) = -y + 15. What is l(14)?
1
Let t(m) = m**3 + 11*m**2 - 15*m - 14. Determine t(-12).
22
Let p(o) = -2*o**2 + 28*o - 8. Determine p(15).
-38
Let d(t) = -t**2 - 12*t - 16. What is d(-11)?
-5
Let o(l) = l**2 - 17. Determine o(0).
-17
Let o(c) = -8*c + 95. Give o(13).
-9
Let j(k) = -k**3 - 3*k**2 + 6*k - 3. Calculate j(-5).
17
Let w(p) = p**3 + 3*p**2 - 7*p + 5. What is w(-4)?
17
Let g(a) = a**2 + 28*a + 17. What is g(-28)?
17
Let p(y) = -43*y. What is p(2)?
-86
Let a(b) = 6*b**2 + b + 1. Give a(-1).
6
Let z(k) = k**2 + 65*k + 1061. Give z(-32).
5
Let q(p) = -p + 12. Calculate q(9).
3
Let d(z) = -3*z - 39. Determine d(-21).
24
Let r(u) = u**2 + u - 2. Give r(2).
4
Let k(t) = 6*t**2 - 1. Give k(-2).
23
Let q(l) = 10*l - 126. Determine q(13).
4
Let t(y) = -8*y**2 + y + 6. Determine t(3).
-63
Let y(o) = -3*o**3 - o**2 - 3*o - 3. Calculate y(-1).
2
Let j(s) = -10*s**3 - s**2. Calculate j(1).
-11
Let q(o) = o**2 - 8*o + 7. Give q(6).
-5
Let u(w) = -25*w**2 + w + 2. What is u(-2)?
-100
Let f(a) = 3*a**2 - a - 4. Calculate f(-2).
10
Let o(c) = c**3 + 6*c**2 - 5*c - 4. Calculate o(-5).
46
Let v(f) = f**2 + 26*f - 126. Give v(-30).
-6
Let u(c) = 6*c + 4. What is u(-4)?
-20
Let i(a) = a**2 + 6*a - 19. What is i(-9)?
8
Let u(x) = -2*x + 61. Calculate u(16).
29
Let l(r) = -r**3 - 8*r**2 - 10*r + 7. What is l(-5)?
-18
Let k(